17?
-1
Calculate -100 + -16 + 13 + 9 - (8 - 1 - 11).
-90
What is the value of (8 - 21) + 8 + -54?
-59
Calculate 1 + (6 - (-32 - 5)) - (-18 + (8 - -10)).
44
What is the value of 10 + (40 - (73 + 57))?
-80
Calculate -2 + 3 - 3 - (-37 + 38 + 0).
-3
Calculate -9 + -61 + 65 + 15 + -6 - -11.
15
-2 - (5 + 2 + -23 + (13 - 4))
5
What is the value of -13 + 6 + -3 + (6 - 17 - -6) - -2?
-13
Evaluate (-1 - -10) + -226 + 0 + 195.
-22
Calculate 35 + 56 - 0 - 54.
37
Evaluate 0 + 26 - ((-85 - -122) + -77).
66
What is the value of -20 + -85 - (39 + -48)?
-96
Evaluate 75 + -91 + -29 + 61.
16
Calculate -115 - (44 + -163) - (1 - 45).
48
-14 + 3 + 1 + -7763 + 7879
106
What is the value of (7 - (73 + -47)) + 61?
42
45 + -36 - (-71 + 3 + 2)
75
What is (-2 - 7) + 46 + (0 - 10 - -9)?
36
What is 65 - (8 - 6) - (166 - 145)?
42
Calculate 6 - ((1 - -18) + -289 + 284).
-8
Evaluate (-113 - -11 - -109) + (0 - -26).
33
-83 + 1 + 210 + -149
-21
14 - ((10 - (-22 - -15)) + 1)
-4
Calculate -7 + -6 - (333 - 291).
-55
-4 - ((0 - -9) + (-665 - -652))
0
Calculate -1 - 1 - (-15 - -64 - 28).
-23
What is -125 + 73 + 80 - -33?
61
What is the value of -46 + -3 + 255 + -109?
97
21 + -5 - (-20 - -5 - -21) - -34
44
Evaluate -14 - (84 + -41) - (-14 + 2).
-45
-272 + 317 + (-70 - 11)
-36
What is 11 + 32 + -2 - 68?
-27
What is the value of (11 + (19 - 33) - (3 - (3 + 7))) + 0?
4
What is the value of 1 + 6 - (-18 - -9) - (6 + -14)?
24
What is 199 + -200 + 7 + 3 + 55?
64
Calculate (461 + -99 - 251) + 0 + 16.
127
Evaluate (-90 - (44 + (25 - 10) + -36)) + -14.
-127
Evaluate 9 - ((12 - -9) + -6 + -16).
10
-114 - (73 + -94 + -11)
-82
Evaluate -1 - -19 - (299 - (167 - -78)).
-36
What is the value of (16 - (4 + 0)) + (-80 + 43 - -49)?
24
What is the value of -1 + 0 + -20 + 2768 + -2726?
21
620 + -613 + (-51 - -5) + (0 - 1)
-40
(-46 - -114) + 55 - 105
18
What is the value of -12 - 1 - (-35 + (107 - 52))?
-33
Calculate -55 + 0 - (-39 + 19 - -30 - 19).
-46
Calculate -3102 - -3159 - (-1 + 18).
40
Calculate -30 + -8 + -1 + 0 - (-3 + -1).
-35
Calculate (20 - 71 - -29) + (-1 - 5) - (1 - 11).
-18
Calculate (9 + -49 - (-1 + 3)) + (-52 - -54) + -13.
-53
Calculate 69 + -41 + 2 + -9 - 70.
-49
What is -552 + 517 + (-1 - -78)?
42
What is (42 - 68 - (-51 - -2)) + 1?
24
(-1 - -20) + (46 - (-36 - -94)) - (28 - 0)
-21
(10 - 39) + (56 - 110) - (-5 + -1)
-77
7 + -5 + (-21 - 34) + 4 + -8
-57
What is (-90 + (32 - -5) - ((4 - 2) + 2)) + 10?
-47
-49 + -2 + 3 + -59 + 55 + 3
-49
1 + -3 + 8 + 82 + -93
-5
What is -94 - 0 - ((-16 - (-4 - 11)) + 9)?
-102
(-143 + 32 - -142) + -165
-134
What is (-28 - (-28 + -32)) + -33 + 1 + 76?
76
Calculate 0 - (-60 + 39 - (1 + -5 - -1)).
18
Calculate -78 - (-6 - (4 - 3) - -2 - -7 - 7).
-73
What is the value of 28 + -11 + (31 - 10) + 10?
48
What is (-7 + -45 - -49) + (-1 - 0)?
-4
Calculate (9 - 14) + -23 - -26 - ((-48 - 1) + 0).
47
What is the value of -253 + 177 + 34 + 2?
-40
3 - -4 - ((-8 - -11) + (32 - (12 + -10)))
-26
What is 1 + 60 - ((-22 - (-64 - -35)) + (-1 - -5))?
50
Calculate (-14 - -1) + (1057 - 1040).
4
What is the value of (104 - 127) + 28 + 12?
17
What is the value of -5 + (-225 + 149 - (0 + -18)) + 15?
-48
What is the value of 1 - 14 - ((-8 - -23 - 13) + -18)?
3
Calculate (2 - 6) + -122 + 138.
12
31 + (40 + -80 - 13)
-22
Evaluate -5 + (-83 - -83 - (3 + (-3 - -67))).
-72
What is -20 + (22 - (-21 + -3)) + -1 + 98?
123
Calculate -30 - (1 + -5 + 3 + (13 - 26)).
-16
Calculate (-5 - (1 + (-13 - -31))) + 8 - -14.
-2
Calculate -25 - -28 - (-10 - (6 - 1)).
18
Calculate -28 + 35 - (-39 + 47 + (0 - (-26 + -1))).
-28
12 - (-6 + (-28 - 5) + 33 + (-57 - -1))
74
What is (8 - 3 - (2 + -3)) + (363 - 395)?
-26
What is the value of (-9 - (-30 - 5) - 18) + 2?
10
(-3 - -1 - -103 - (2102 - 2086)) + 23
108
What is the value of 18 + 52 - -10 - (23 - -1)?
56
What is -903 + 881 + (-1 - -35) + -64?
-52
Calculate 9 + -23 + 19 - (-4 - 4 - 2).
15
What is 23 - (8 - 14) - (5 - (-5 - -6) - 8)?
33
What is 20 + 8 + 46 + -26 + (-12 - -7)?
43
What is the value of 0 + -30 + (5 - (-14 - (-1 + -34 + 16)))?
-30
Evaluate (132 - 118) + (-63 - -17).
-32
What is (87 - (-22 + 115)) + (-57 - 0)?
-63
(45 + -5 + -4 - -39) + 19
94
2 + 9 + 11 + 44
66
Evaluate 103 + -12 + (34 - 28).
97
Calculate -14 + 18 + 0 + 2 - 14 - (-10 - 2).
4
What is the value of 57 + -69 + -43 - -44?
-11
-1 - 132 - (-53 - (-11 + 4 - 7) - -35)
-129
Calculate -4 + (-17 - (-18 + 35)) - (16 + -37).
-17
Evaluate 31 + -7 + -55 - (6 - 21 - -1).
-17
What is the value of -19 - (-32 - (0 + 15 + 4))?
32
What is the value of 87 - (-3 - (-172 - -95))?
13
252 + -267 + 8 + -10 + -2
-19
What is -2 + (0 + 10 - 20) + 3 - -57?
48
What is 21 - 1 - 1 - (-23 + -11 + 13 + 16)?
24
(45 - (23 - 1)) + -8 + -17
-2
What is the value of 80 + -210 + 111 - (-12 + (-2 - -1))?
-6
(-58 - (-3 + -2 + 3)) + -15 + 28 + -16
-59
What is (-128 - (-122 + -106)) + -49?
51
What is 5 - (-27 + 22 + (24 - 25) - (-2 + 12))?
21
What is 23 - (-31 + 53 - (37 - -1))?
39
Calculate 42 + -2 + -10 + (18 - 30) + -69.
-51
What is the value of -611 + 593 + (2 - (2 + -62))?
44
Calculate (13 - (111 + -24 - -5)) + 10 + (-1 - 1).
-71
Evaluate (24 - 41) + 5 + 18 - -13.
19
What is (45 - 47) + 50 + 2?
50
What is the value of -1 + -2 + (-39 - 9) + 50?
-1
Evaluate 5 + -3 + 14 + 43 - (-1 + 12 - 2).
50
Evaluate (-26 + 23 - (4 + -4 + 1)) + -51 + 8.
-47
What is the value of (-13 + 6 - -5) + 13 + (-17 - -14 - -2)?
10
16 + -3 - (-25 - -13 - 7 - -9)
23
Calculate -185 - (118 + -248) - (1 - (2 - 9)).
-63
Calculate 17 + -67 + 17 + (8 - (8 - 0)).
-33
Calculate -48 + (-98 - -242) - (2 - -27).
67
Calculate 1 + 11 - (1780 + -1794).
26
-9 - (-4 - (224 + -189 - (0 + (-2 - -8))))
24
(-21 + (3 - 3) - (-55 - 56)) + -11
79
What is the value of (0 - 0) + (39 - (127 + -136))?
48
(-6 + 0 - (538 - 559)) + 37
52
(-12 - ((9 - -9) + -10) - -21) + (-2 - -37)
36
What is -7 + (-31 - -39) + 4 + 0 + 3 + -49?
-41
What is the value of 95 - 95 - (-3 - (-3 + -1) - 12)?
11
Evaluate (-37 - 13) + -25 + 67.
-8
Calculate 30 + (-16 - -19 - (17 - 1 - (3 - 1))).
19
Calculate -16 + 47 + (-48 - -14).
-3
What is the value of (21 - -1 - 2) + 34 + -12?
42
What is (-91 - (-6 - -16)) + (6 - 6) + 5 + 6?
-90
-6 + -3 + (-80 - 12) - -4 - 14
-111
What is (1546 - 1502) + (-52 - 1) - (18 - 1)?
-26
Evaluate -29 - 4 - (75 + -58 - 97).
47
Evaluate -376 - -386 - (10 - (2 - 5)) - (26 + 0).
-29
50 - (20 + -64 + 39 + (-1 - -8))
48
What is the value of 66 + -2 + (-1 - 1) + 1 - (-342 + 330)?
75
What is -4 + (-37 + 6 - -27 - (-2 - 8))?
2
What is (6 - (4 + 8 + -11)) + -1 + (-15 - -8)?
-3
Calculate (3 - (0 + -40 + -59 + 64) - 10) + 1.
29
Evaluate 3 + -3 + 9 - (18 - (-29 + 6)).
-32
What is the value of -29 + 22 - (24 + -25) - -25?
19
(-167 - -38) + 148 - (34 - -1)
-16
What is the value of 42 + (0 - -24) + -44?
22
What is (-8 - (-22 + (11 + -2 - -5))) + (-1 - -51)?
50
Evaluate (14 - 0) + (11 - (-8 - (2 - 14))).
21
Calculate 0 - -5 - (22 + (3 - 18) - 22 - -6).
14
What is -143 + 1 - (60 - (-18 - -13) - 66)?
-141
Evaluate 14 + -1 - ((31 - (4 + 5)) + -12).
3
Evaluate (3 - -1) + (-19 + 24 + -26 - 39).
-56
What is 77 + 1 + 3 + (-67 + 52 - -35)?
101
What is -4 + 13 - (-9 - 0 - (18 + -108))?
-72
Evaluate 145 - 79 - (115 - 0).
-49
What is -2 - ((-128 - -127) + (-1 - -1) + (42 - 5))?
-38
Evaluate -100 + -55 + 114 + 16 + 0.
-25
Evaluate 87 - ((65 - 102) + 61).
63
Calculate -1177 - -1223 - (-1 + 65).
-18
What is the value of 57 + 194 + -193 + (1 - 13)?
46
-1006 + 1025 - (-1 + 9)
11
Evaluate 22 + -38 + -13 + 46 - 4.
13
(12 + -12 - (-65 + -2) - -3) + 56 + -53
73
(245 - 250) + -14 + (-3 - 0)
-22
-111 + 44 - (-2 + -2 + -4) - 18
-77
What is the value of 114 - (76 - (13 + 39))?
90
What is -41 - -13 - -22 - (2 + (86 - 6))?
-88
What is the value of -23 + 2 - (-63 - 5 - -73)?
-26
Evaluate 1 + -4 + ((-14 - -63) + 37 - (18 + -2)).
67
Evaluate (-1 - 12) + 50 + -37 - (4 + -11) - -6.
13
What is the value of 6 - 9 - (43 + -12 + -1 + 15)?
-48
Evaluate (17 - (17 + -8)) + -2 - (-5 + 2 + 72).
-63
Evaluate (0 + 12 + -9 - 8) + 5 - 46.
-46
What is the value of -93 - (3 + 2 - 54)?
-44
What is the value of 81 + (-18 - -15 - 23) + 12?
67
Evaluate -45 + (29 - (70 - 78)).
-8
Calculate (-13 - -11) + (0 - (2 + -4 - 2)).
2
Calculate 27 - (2 - -1 - ((-54 - 10) + 30 - -42)).
32
What is the value of -173 + 155 + (44 - 46)?
-20
Evaluate (-14